.
-2727
Let f(k) = 2*k**2 + 52*k + 151. What is f(-3)?
13
Let f(l) = 202*l - 6862. Determine f(34).
6
Let f(p) = -16*p**3 + 102*p**2 + 3*p - 158. Determine f(6).
76
Let a(h) = -2*h**2 + 28202*h + 197501. Calculate a(-7).
-11
Let l(q) = -3929*q + 2769960. Determine l(705).
15
Let z(f) = -2*f**3 - 45*f**2 - 146*f + 192. What is z(-19)?
439
Let l(d) = -4*d**2 + 324*d - 3003. Calculate l(71).
-163
Let u(r) = r**3 - 283*r**2 - 1437*r - 846. Calculate u(288).
18
Let z(t) = 36*t**2 + 2669*t - 89. Calculate z(-74).
-459
Let k(b) = 96*b**2 - 879*b - 3. Give k(-3).
3498
Let u(f) = 2241*f - 5483721. What is u(2447)?
6
Let f(q) = -q**3 + 257*q**2 + 14014*q - 3601606. Determine f(257).
-8
Let n(a) = -3*a**2 - 2605*a + 86779. Calculate n(32).
347
Let k(z) = z**2 + 112*z - 17722. Calculate k(89).
167
Let x(r) = -r**3 + 145*r**2 + 7860*r - 1130. What is x(187)?
-8
Let z(i) = 28349*i + 255211. What is z(-9)?
70
Let y(w) = w**3 + 622*w**2 + 722*w + 62725. What is y(-621)?
4
Let w(p) = -47*p**2 + 77*p - 253. Give w(4).
-697
Let x(v) = 5*v**2 - 3356*v + 26525. Calculate x(8).
-3
Let y(r) = -22*r**2 - 1211*r + 215. Give y(-53).
2600
Let u(w) = w**3 + 43*w**2 - 131*w + 394. Determine u(-46).
72
Let n(i) = -i**3 + 41*i**2 + 218*i + 370. Give n(46).
-182
Let g(u) = -26*u**3 + 18*u**2 - 28*u - 25. Determine g(4).
-1513
Let u(v) = v**3 - 83*v**2 - 119*v + 1066. What is u(84)?
-1874
Let n(j) = -j**3 + 25*j**2 + 19*j - 270. What is n(26)?
-452
Let j(v) = 16*v**3 + 6*v**2 + 40*v + 36. Calculate j(-1).
-14
Let j(y) = -2484*y + 22316. Calculate j(9).
-40
Let m(x) = -x**2 - 18329*x - 567237. Calculate m(-31).
1
Let c(x) = -x**2 + 680*x + 21818. Calculate c(-31).
-223
Let a(j) = -2*j**3 - 1174*j**2 + 7109*j + 31. Determine a(6).
-11
Let n(f) = -39*f**3 + 735*f**2 + 78*f - 439. Determine n(19).
-1123
Let g(i) = -1216*i - 184048. Determine g(-151).
-432
Let k(a) = 15099*a - 196687. What is k(13)?
-400
Let p(k) = -51*k**3 - 25*k**2 - 27*k. Calculate p(-1).
53
Let i(v) = -12*v**2 - 5432*v + 54235. What is i(10)?
-1285
Let y(a) = -9*a**2 - 4242*a - 152944. Give y(-432).
-16
Let l(r) = 1623*r + 331075. Calculate l(-204).
-17
Let b(x) = 16*x**2 + 441*x - 45734. Determine b(-69).
13
Let x(v) = -v**2 + 7682*v - 847804. What is x(112)?
36
Let x(a) = -5*a**2 - 228*a - 5517. Give x(-42).
-4761
Let c(n) = 666*n - 1323. What is c(2)?
9
Let b(p) = -419*p**3 + 55*p**2 + 7*p - 5. What is b(1)?
-362
Let w(i) = -2841*i - 14061. Determine w(-5).
144
Let p(f) = -45979*f + 45954. What is p(1)?
-25
Let i(b) = 2*b**3 + 46*b**2 + 21*b + 552. Determine i(-23).
69
Let b(l) = 43*l**2 + 239*l - 58. Calculate b(-5).
-178
Let p(o) = -o**3 - 26*o**2 - 624*o - 17645. Determine p(-27).
-68
Let y(q) = q**2 - 314*q + 18937. What is y(233)?
64
Let b(u) = u**3 + 5*u**2 - 14019*u - 221486. Determine b(-16).
2
Let f(s) = 171*s - 37636. Determine f(220).
-16
Let g(z) = -686*z + 203. Calculate g(1).
-483
Let q(l) = 583*l**3 - 4081*l**2 + 12*l - 56. Determine q(7).
28
Let o(c) = 3*c**3 + 18*c**2 + 350*c + 3593. Determine o(-10).
-1107
Let v(w) = w**3 + 70*w**2 + 319*w - 313. What is v(-65)?
77
Let y(q) = 621600*q - 1243204. Calculate y(2).
-4
Let d(b) = 6*b**2 - 16146*b + 96670. Determine d(6).
10
Let t(g) = 817*g + 116069. Give t(-142).
55
Let r(t) = -14*t**2 + 17*t + 619. Determine r(8).
-141
Let u(i) = -3583*i - 34016. Calculate u(-9).
-1769
Let p(b) = -6004*b**2 + 35962*b + 396. Give p(6).
24
Let t(k) = 454*k + 11740. What is t(-29)?
-1426
Let n(r) = -1209*r - 47249. What is n(-34)?
-6143
Let m(z) = -z**2 - 11585*z + 92684. What is m(8)?
-60
Let l(p) = -8*p**3 + 7*p**2 + 52*p + 178. Give l(-5).
1093
Let b(p) = -1299*p + 226020. Give b(174).
-6
Let l(z) = 2*z**3 - 15*z**2 + 1243*z - 7419. Determine l(6).
-69
Let n(x) = 106*x**2 + 3728*x - 11212. Determine n(3).
926
Let z(h) = -h**3 - 15*h**2 - 42*h - 624. Give z(-14).
-232
Let t(f) = 8*f**2 + 1243*f - 3302. What is t(-158)?
16
Let q(m) = 129222*m + 2067555. What is q(-16)?
3
Let r(s) = -14*s**2 + 312*s + 5072. What is r(-16)?
-3504
Let s(r) = r**3 - 51*r**2 + 65*r + 1701. Determine s(49).
84
Let g(t) = -24839*t - 3452621. Determine g(-139).
0
Let h(r) = 1489*r - 242856. Determine h(163).
-149
Let k(u) = u**2 + 112*u - 10186. What is k(-171)?
-97
Let p(i) = -28*i + 993. Calculate p(37).
-43
Let o(n) = 73*n**2 - 1665*n - 349. Give o(23).
-27
Let o(c) = c**3 + 54*c**2 + 530*c - 75. What is o(-41)?
48
Let f(c) = -1679*c**3 + c**2 - 138*c + 137. Calculate f(1).
-1679
Let x(c) = 5894*c - 111945. Determine x(19).
41
Let t(h) = -7323*h - 417385. Give t(-57).
26
Let t(m) = -m**3 - 343*m**2 - 701*m - 6499. Calculate t(-341).
-20
Let y(a) = -26*a**3 - 7*a**2 - 9*a + 13. Determine y(-3).
679
Let s(k) = -k**2 - 7970*k - 71646. What is s(-9)?
3
Let t(m) = 3*m**3 - 4*m**2 - 224*m - 561. Calculate t(-6).
-9
Let f(r) = -r**3 + 23*r**2 - 155*r + 43. Give f(12).
-233
Let u(b) = 42*b**2 - 21806*b - 17700. Determine u(520).
-20
Let b(n) = 2*n**3 + 31*n**2 - 17*n + 47. Determine b(-15).
527
Let l(r) = -12646*r + 91929. Determine l(7).
3407
Let g(u) = -u**2 + 4506*u - 116484. Determine g(26).
-4
Let o(u) = -72*u**3 - 506*u**2 + 19*u + 186. What is o(-7)?
-45
Let r(g) = 8257*g - 189933. Give r(23).
-22
Let p(j) = j**3 - 47*j**2 + 144*j - 1980. Give p(44).
-1452
Let s(z) = -4*z**3 + 3*z**2 + 6*z - 35. Calculate s(-2).
-3
Let v(z) = z**3 - 7*z**2 + 9728*z - 48606. What is v(5)?
-16
Let y(k) = 1544*k + 461617. What is y(-299)?
-39
Let p(a) = 71129*a - 426779. Determine p(6).
-5
Let f(r) = -1458*r + 28633. Determine f(19).
931
Let o(u) = 10*u**2 - 524*u + 6806. Calculate o(24).
-10
Let j(w) = 202*w - 68923. Calculate j(340).
-243
Let r(h) = -29*h**2 + 2558*h - 2557. What is r(1)?
-28
Let s(x) = x**2 - 37*x - 672. Calculate s(-15).
108
Let g(t) = t**3 + 85*t**2 + 355*t - 2698. Give g(4).
146
Let b(s) = -s**3 + 32*s**2 - 260*s - 210. Calculate b(19).
-457
Let t(f) = 8921*f + 240863. Determine t(-27).
-4
Let p(j) = -3*j**3 + 340*j**2 - 103*j - 208. What is p(113)?
922
Let w(b) = -134*b**3 + 2281*b**2 - 46*b - 139. What is w(17)?
-54
Let w(v) = -146*v**2 - 801*v - 723. Calculate w(-1).
-68
Let m(k) = -3*k**3 + 4924*k**2 - 24617*k + 1. Give m(5).
-359
Let o(r) = -7*r**2 + 214*r - 431. Calculate o(2).
-31
Let q(j) = 2*j**2 - 68*j - 3453. Determine q(62).
19
Let b(f) = -6088*f - 340925. Give b(-56).
3
Let o(w) = -75338*w - 1280742. What is o(-17)?
4
Let v(n) = 7841*n + 494026. Determine v(-63).
43
Let v(j) = j**3 - 19*j**2 - 1362*j + 24867. Calculate v(18).
27
Let n(x) = -241594*x + 1449557. Give n(6).
-7
Let l(n) = 688*n - 11405. What is l(20)?
2355
Let l(v) = 58584*v - 6385652. Give l(109).
4
Let c(g) = -18*g**3 + 89*g**2 + 139*g - 129. Give c(6).
21
Let c(p) = -226*p**2 - 24853*p + 760. Determine c(-110).
-10
Let t(v) = -779*v + 246922. Determine t(317).
-21
Let j(s) = 2*s**3 + 62*s**2 + 439*s + 170. Calculate j(-19).
493
Let b(v) = 158*v**3 - 2213*v**2 + 5*v + 112. Determine b(14).
-14
Let c(n) = 3233*n + 6162. Determine c(-2).
-304
Let z(c) = -2*c**2 - 11886*c - 248693. Calculate z(-21).
31
Let c(s) = -1145*s - 21873. Give c(-19).
-118
Let c(a) = a**2 + 815*a - 683104. Determine c(514).
2
Let p(g) = -203*g**3 + 8*g**2 + 45*g - 97. Give p(2).
-1599
Let x(g) = 11*g**2 + 102*g + 277. What is x(-6)?
61
Let b(s) = 234*s + 288. Give b(-9).
-1818
Let h(f) = -105*f + 9354. Calculate h(95).
-621
Let r(t) = -t**3 + 16*t**2 - 74*t + 1958. Calculate r(18).
-22
Let g(j) = -3*j**2 + 638*j + 9826. What is g(-16)?
-1150
Let t(g) = -g**3 - 9*g**2 + 359*g + 1086. Calculate t(-3).
-45
Let l(o) = -147*o - 2957. Give l(-14).
-899
Let u(d) = -9*d**3 - 470*d**2 - 152*d - 2079. Determine u(-52).
417
Let p(b) = -6172*b + 30985. Calculate p(5).
125
Let c(d) = 622*d + 107067. Determine c(-172).
83
Let n(q) = -116*q**2 + 4003*q - 18535. What is n(29)?
-4
Let r(p) = 197*p**2 + 16772*p + 33543. Give r(-2).
787
Let c(h) = -15*h**3 + 509*h**2 + 3636*h - 122473. Calculate c(34).
-5
Let g(z) = 3455*z - 38281. Determine g(11).
-276
Let m(j) = -2*j**3 + 85*j**2 + 140*j - 7811. Calculate m(42).
-167
Let b(l) = 16*l**3 - 4848*l**2 + 3*l - 928. Calculate b(303).
-19
Let z(n) = -2*n**3 - 103*n**2 - 215*n - 8. Determine z(-2).
26
Let w(n) = -2094*n - 8395. Give w(-4).
-19
Let f(j) = 232*j**2 - 1082*j - 385. Determine f(5).
5
Let 